ive m(-48).
146
Let k(y) = y**3 - 106*y**2 + 2790*y - 95. Calculate k(48).
193
Let y(l) = -12630*l - 1679794. Calculate y(-133).
-4
Let q(d) = -d**2 - 1272*d - 555. What is q(0)?
-555
Let y(f) = 2031*f - 2727. Give y(1).
-696
Let w(f) = 122*f - 8132. What is w(71)?
530
Let s(o) = 7*o**3 + 34*o**2 + 23*o + 83. Give s(-5).
-57
Let s(i) = 12108*i**2 - 6465673*i + 538. What is s(534)?
4
Let j(y) = -y**3 + 198*y**2 - 1244*y + 53825. Calculate j(193).
-22
Let p(g) = -881*g - 18148. Calculate p(-18).
-2290
Let i(m) = -18*m**2 - 532*m + 7111. Determine i(10).
-9
Let t(n) = -183*n + 12396. What is t(67)?
135
Let c(s) = 2637*s - 15363. Calculate c(5).
-2178
Let c(q) = 60403*q - 906043. What is c(15)?
2
Let w(n) = 95829*n + 1054294. Determine w(-11).
175
Let p(n) = -30*n**2 - 3606*n + 2824. What is p(-121)?
-80
Let g(k) = -29*k**2 - 2030*k - 8114. Calculate g(-4).
-458
Let l(z) = 1108*z + 17710. Determine l(-16).
-18
Let g(n) = -n**2 + 370*n - 3676. Give g(10).
-76
Let s(m) = m**2 - 172982*m + 1383763. Calculate s(8).
-29
Let f(d) = 4*d**2 + 136*d - 1320. Give f(-50).
1880
Let q(y) = -y**3 + 11*y**2 + 2860*y - 25920. Determine q(9).
-18
Let b(o) = o**3 + 112*o**2 + 2807*o - 125. Calculate b(-38).
65
Let k(w) = -15798*w - 63083. Calculate k(-4).
109
Let j(i) = 656897*i + 15765535. Give j(-24).
7
Let h(g) = -826*g - 70238. Give h(-85).
-28
Let l(j) = j**2 - 3993*j - 1595379. Determine l(-366).
15
Let u(d) = 38052*d + 266374. What is u(-7)?
10
Let c(g) = -1863*g - 63774. What is c(-33)?
-2295
Let m(o) = -6*o**2 + 114587*o + 917091. Calculate m(-8).
11
Let v(f) = -3*f**3 + 39*f**2 + 201*f - 322. What is v(-6)?
524
Let n(r) = -332*r - 5815. Calculate n(-17).
-171
Let g(d) = -2*d**2 + 921*d - 102270. Determine g(187).
19
Let b(s) = 166*s + 5568. Calculate b(-32).
256
Let o(l) = -l**2 + 29038*l - 290231. Determine o(10).
49
Let h(b) = 2*b**2 + 7419*b - 118380. Calculate h(16).
836
Let b(l) = -377*l + 29133. Determine b(77).
104
Let v(b) = 4711*b + 23682. Calculate v(-5).
127
Let z(w) = -37175*w - 90744180. Give z(-2441).
-5
Let h(f) = 4*f**3 - 8*f**2 - 80*f - 314. Give h(-6).
-986
Let m(w) = w**3 - 23*w**2 + 13*w - 832. Calculate m(24).
56
Let t(f) = 1859*f - 507511. Give t(273).
-4
Let x(k) = 4*k**2 - 2410*k - 9738. Determine x(-4).
-34
Let q(i) = 3*i**3 - 38*i**2 - 6889*i - 41. Calculate q(-42).
1
Let s(x) = 102*x**2 - 123870*x - 72905. Determine s(1215).
-5
Let u(o) = -44*o**2 + 3*o - 8. Determine u(1).
-49
Let p(z) = 19*z**2 + 2856*z - 14760. What is p(5)?
-5
Let y(c) = -2*c**3 + 48*c**2 + 108*c - 2402. Give y(23).
1140
Let v(x) = -60*x - 5444. Calculate v(-116).
1516
Let k(q) = q**2 - 898*q - 23117. Calculate k(-25).
-42
Let o(u) = 6361*u**3 + 38166*u**2 - 19*u - 147. What is o(-6)?
-33
Let t(d) = 6*d**2 - 721*d - 2847. Give t(-4).
133
Let j(a) = 13*a**2 - 22*a - 66. Calculate j(-1).
-31
Let b(v) = v**2 + 51*v - 15841. Calculate b(-154).
21
Let t(q) = -251*q**3 + 69*q + 68. Calculate t(-1).
250
Let f(c) = -c**3 - 60*c**2 - 3415*c - 212037. Determine f(-61).
-1
Let u(i) = -4295*i + 12869. What is u(3)?
-16
Let k(n) = -n**2 + 227*n + 16862. Calculate k(286).
-12
Let r(o) = o**3 + 9*o**2 - 366*o + 14064. Give r(-33).
6
Let o(h) = -108*h**2 + 46765*h - 464. Calculate o(433).
-31
Let p(q) = 9*q**3 + 121*q**2 + 352*q + 413. Determine p(-11).
-797
Let z(m) = -963*m + 29. Calculate z(-1).
992
Let m(v) = 46063*v - 737078. Determine m(16).
-70
Let x(m) = 19216*m + 11337436. Calculate x(-590).
-4
Let m(j) = 155771*j + 1246177. Determine m(-8).
9
Let q(w) = -120*w + 2783. What is q(27)?
-457
Let b(q) = 3*q**3 - 83*q**2 + 27*q - 878. Give b(27).
-1607
Let p(o) = -o**3 + o**2 + 363*o + 2158. Determine p(22).
-20
Let x(u) = 2*u**3 - 12*u**2 - 158*u + 1228. Calculate x(8).
220
Let b(i) = i**2 + 9689*i + 58110. Give b(-6).
12
Let r(x) = -11482*x + 4374720. What is r(381)?
78
Let h(z) = 21799*z + 632116. Calculate h(-29).
-55
Let b(a) = a**3 + 36*a**2 + 242*a + 5324. What is b(-33)?
605
Let s(u) = -4*u**2 + 2127*u - 114399. Calculate s(471).
54
Let q(f) = 3*f**3 + 326*f**2 + 850*f + 227. Calculate q(-106).
15
Let h(t) = 40006*t - 463. Determine h(0).
-463
Let w(z) = 23245*z + 232623. Give w(-10).
173
Let i(o) = o**3 + 54*o**2 - 788*o - 21. What is i(12)?
27
Let t(b) = b**3 + 383*b**2 + 904*b + 54157. Determine t(-381).
55
Let f(m) = -m**3 - 7*m**2 + 8*m + 6. Calculate f(9).
-1218
Let d(r) = 4*r**3 - 17*r**2 + 175745*r - 702956. Give d(4).
8
Let x(z) = z**2 - 2334*z - 87. Calculate x(0).
-87
Let c(s) = -s**2 + 343*s - 9307. Calculate c(30).
83
Let s(o) = -27*o**3 - 1317*o**2 + 293*o + 10. Calculate s(-49).
59
Let y(g) = -316*g**2 + 19280*g - 237. Give y(61).
7
Let f(r) = -r**3 + 20*r**2 + 332*r + 1008. Calculate f(-6).
-48
Let w(s) = 261266*s - 15153438. What is w(58)?
-10
Let f(t) = 61*t**2 + 16954*t - 1108. Give f(-278).
4
Let i(n) = 9*n**2 + 155*n + 615. Give i(-14).
209
Let w(p) = -5019*p - 130530. What is w(-26)?
-36
Let z(f) = 70*f + 30955. Determine z(-442).
15
Let t(m) = 4*m + 371. Determine t(-21).
287
Let q(d) = 15760*d**2 + 31491*d - 1. Determine q(-2).
57
Let v(y) = y**3 + 17*y**2 + 3021*y + 55152. Calculate v(-18).
450
Let z(r) = -32*r**3 + 1124*r**2 + 1007*r + 27. Give z(36).
-9
Let x(i) = 8964*i + 187834. Give x(-21).
-410
Let r(n) = -1603*n - 11907. Determine r(-10).
4123
Let q(g) = 2*g**3 - 583*g**2 + 281*g + 961. What is q(291)?
-1949
Let m(w) = 41*w**2 - 9059*w + 8566. What is m(220)?
-14
Let n(v) = v**2 - 779*v + 25514. What is n(34)?
184
Let o(k) = k**2 - 122*k - 9499. Calculate o(-54).
5
Let x(q) = 13*q + 687. Calculate x(-33).
258
Let r(v) = 589*v**2 - 100138*v + 180. Calculate r(170).
-1180
Let s(i) = -568*i - 56708. What is s(-100)?
92
Let g(c) = 2*c**2 - 9456*c - 218553. What is g(-23)?
-7
Let w(h) = -h**3 + 65*h**2 + 2647*h + 66. Give w(-29).
2357
Let j(d) = -12*d**3 - 526*d**2 + 88*d - 21. Determine j(-44).
-21
Let r(d) = d**2 - 931920*d + 22365523. Determine r(24).
19
Let q(u) = -2*u**3 - 1113*u**2 - 963*u - 226340. Give q(-556).
-48
Let d(v) = -v**3 - 33*v**2 + 561*v - 1157. Give d(-46).
545
Let z(s) = -22*s**2 + 498*s + 5537. What is z(-11)?
-2603
Let i(x) = 2208*x - 61649. Give i(28).
175
Let n(d) = 26*d**3 - 337*d**2 - 171*d + 2011. Calculate n(13).
-43
Let p(r) = -11329*r - 4644891. Calculate p(-410).
-1
Let y(t) = t**3 - 26*t**2 - 59*t + 383. Give y(27).
-481
Let j(o) = -o**3 - 315*o**2 - 13664*o + 3141. Determine j(-263).
-15
Let r(c) = -45*c**3 + 7*c**2 + 3*c - 6. Determine r(1).
-41
Let g(s) = -222*s - 51341. What is g(-227)?
-947
Let o(z) = -107487*z + 752389. Calculate o(7).
-20
Let t(s) = -s**3 + 443*s**2 + 404*s + 17795. What is t(444)?
35
Let b(r) = 8*r**2 + 227*r + 1197. Give b(-7).
0
Let i(u) = -14470*u - 983936. Give i(-68).
24
Let c(x) = x**2 + 384*x + 36768. What is c(-200)?
-32
Let t(q) = 373*q + 17425. Give t(-49).
-852
Let y(m) = 194108*m + 776459. Give y(-4).
27
Let l(t) = t**3 + 18*t**2 - 106*t - 2175. Determine l(-20).
-855
Let u(r) = -101982*r - 917782. Give u(-9).
56
Let r(z) = 55*z**2 + 18096*z + 589. Determine r(-329).
260
Let b(u) = -u**2 + 7432*u - 791010. What is b(108)?
-18
Let k(v) = -v**3 + 8*v**2 + 132*v - 1038. What is k(8)?
18
Let d(p) = 3*p**2 - 55*p + 447. Calculate d(9).
195
Let t(g) = g**2 - 66*g + 296. Give t(31).
-789
Let j(b) = 830*b**2 + 2508*b + 60. Calculate j(-3).
6
Let u(q) = 31564*q - 396. Calculate u(0).
-396
Let w(r) = -2*r**2 + 58*r + 29124. Give w(136).
20
Let b(j) = -2*j**3 + 7*j**2 + 167*j - 1749. Calculate b(7).
-923
Let g(o) = -2*o**3 - 1415*o**2 + 365*o - 242840. Give g(-708).
4
Let q(k) = -179904*k + 7915774. Determine q(44).
-2
Let q(p) = 83*p**2 + 441*p - 1045. What is q(-7)?
-65
Let z(m) = 6027*m - 1078808. Determine z(179).
25
Let v(t) = -1879520*t + 18795207. Give v(10).
7
Let p(m) = -2*m**3 + 64*m**2 - 17*m + 227. Give p(32).
-317
Let r(d) = -4*d**2 - 240*d + 3928. Determine r(18).
-1688
Let i(r) = -10*r**3 - 81*r**2 + 3*r + 86. Calculate i(-8).
-2
Let r(b) = -3*b**2 - 4923*b - 130736. Give r(-27).
-2
Let p(z) = -2*z**3 - 41*z**2 + 128*z + 90. Determine p(-23).
-209
Let f(t) = -11*t**3 - 306*t**2 - 768*t + 146. What is f(-25)?
-29
Let j(c) = -6028*c - 669133. What is j(-111)?
-25
Let d(z) = -3*z**3 + 33*z**2 - 3881*z + 42658. Calculate d(11).
-33
Let c(k) = 82*k**2 - 1200*k -